{"id":89,"date":"2015-06-28T00:46:42","date_gmt":"2015-06-27T22:46:42","guid":{"rendered":"http:\/\/chorklang.de\/WPHP\/?page_id=89"},"modified":"2025-07-15T11:55:52","modified_gmt":"2025-07-15T09:55:52","slug":"wir-suchen","status":"publish","type":"page","link":"https:\/\/chorklang.de\/?page_id=89","title":{"rendered":"gesucht? gefunden!"},"content":{"rendered":"<h4 class=\"style1\" style=\"text-align: justify;\" align=\"JUSTIFY\"><\/h4>\n<h5>Sie haben Interesse am Chorgesang und Du suchst schon lange nach einem Chor in dem konzentriert geprobt wird, der Spa\u00df aber nicht zu kurz kommt? Nach einem Chor mit einem breiten, anspruchsvollen Repertoire, das vom 14. bis zum 21. Jahrhundert, vom A-cappella-Liedsatz bis zur Messe mit Orchesterbegleitung reicht, bei dem Konzertreisen ins In- und Ausland ebenso zum umfangreichen Vereinsleben geh\u00f6ren wie gemeinsame Feiern oder regelm\u00e4\u00dfige Probenwochenenden in und um Leipzig? Nach einem Chor, in dem von &#8222;Some people like sex&#8220; von Giles Swayne bis zu Beethoven&#8217;s &#8222;Ode an die Freude&#8220;, von Thomas Tallis bis Einojuhani Rautavaara musikalisch alles m\u00f6glich ist?<\/h5>\n<h5>Dann sind Sie, dann bist Du bei uns genau richtig, denn <span class=\"style2\" style=\"color: #075e77;\">WIR SUCHEN EUCH!<\/span><\/h5>\n<h5><span style=\"color: #075e77;\">Kommt zu einem der traditionsreichsten Amateurch\u00f6re in Leipzig &#8211; KOMMT ZU UNS UND SINGT MIT!<\/span><\/h5>\n<h5>Kommt einfach bei einer der n\u00e4chsten Proben unverbindlich vorbei und probt mit. Und wenn es nach ein paar Schnupperproben und einem kleinen Stimmtest immer noch Spa\u00df macht und gef\u00e4llt, dann werde zum festen Mitglied im Leipziger Lehrerchor e.V..<\/h5>\n<h6><strong>Wir proben immer dienstags von 19:30-21:30 Uhr im MDR-Geb\u00e4ude am Augustusplatz, direkt neben dem UNI-Riesen, zentral im Herzen von Leipzig.<\/strong><\/h6>\n<h5>Wir freuen uns immer \u00fcber neue S\u00e4ngerinnen und S\u00e4nger!<\/h5>\n<h5>Wir freuen uns auf Dich!!<\/h5>\n<h5>Schreibe zur schnellen Kontaktaufnahme einfach eine E-Mail an <a href=\"m&#97;&#105;&#x6c;&#x74;&#x6f;&#x3a;k&#111;&#110;&#116;&#x61;&#x6b;&#x74;&#64;c&#104;&#111;&#x72;&#x6b;&#x6c;an&#103;&#46;&#x64;&#x65;\">kontakt\/at\/chorklang.de<\/a> oder ruf an unter 0171 \/ 881 40 38.<\/h5>\n<h5>Alles Weitere besprechen wir dann schnell und unkompliziert.<\/h5>\n<p>&nbsp;<\/p>\n<p>&nbsp;<\/p>\n","protected":false},"excerpt":{"rendered":"<p>\nSie haben Interesse am Chorgesang und Du suchst schon lange nach einem Chor in dem konzentriert geprobt wird, der Spa\u00df aber nicht zu kurz kommt? Nach einem Chor mit einem breiten, anspruchsvollen Repertoire, das vom 14. bis zum 21. Jahrhundert, vom A-cappella-Liedsatz bis zur Messe mit Orchesterbegleitung reicht, bei dem Konzertreisen ins In- und <\/p>\n","protected":false},"author":1,"featured_media":0,"parent":0,"menu_order":0,"comment_status":"closed","ping_status":"closed","template":"","meta":{"footnotes":""},"class_list":["post-89","page","type-page","status-publish","hentry"],"_links":{"self":[{"href":"https:\/\/chorklang.de\/index.php?rest_route=\/wp\/v2\/pages\/89","targetHints":{"allow":["GET"]}}],"collection":[{"href":"https:\/\/chorklang.de\/index.php?rest_route=\/wp\/v2\/pages"}],"about":[{"href":"https:\/\/chorklang.de\/index.php?rest_route=\/wp\/v2\/types\/page"}],"author":[{"embeddable":true,"href":"https:\/\/chorklang.de\/index.php?rest_route=\/wp\/v2\/users\/1"}],"replies":[{"embeddable":true,"href":"https:\/\/chorklang.de\/index.php?rest_route=%2Fwp%2Fv2%2Fcomments&post=89"}],"version-history":[{"count":2,"href":"https:\/\/chorklang.de\/index.php?rest_route=\/wp\/v2\/pages\/89\/revisions"}],"predecessor-version":[{"id":673,"href":"https:\/\/chorklang.de\/index.php?rest_route=\/wp\/v2\/pages\/89\/revisions\/673"}],"wp:attachment":[{"href":"https:\/\/chorklang.de\/index.php?rest_route=%2Fwp%2Fv2%2Fmedia&parent=89"}],"curies":[{"name":"wp","href":"https:\/\/api.w.org\/{rel}","templated":true}]}}